 of 358365?
5
What is the hundreds digit of 222395?
3
What is the hundred thousands digit of 382129?
3
What is the thousands digit of 1667152?
7
What is the tens digit of 1550959?
5
What is the thousands digit of 7539262?
9
What is the hundred thousands digit of 746619?
7
What is the hundred thousands digit of 3764464?
7
What is the hundreds digit of 767735?
7
What is the millions digit of 6520340?
6
What is the thousands digit of 36420721?
0
What is the units digit of 262444?
4
What is the hundreds digit of 14375088?
0
What is the tens digit of 153234?
3
What is the hundred thousands digit of 169463?
1
What is the ten thousands digit of 1639853?
3
What is the millions digit of 3695506?
3
What is the ten thousands digit of 42330585?
3
What is the hundreds digit of 937427?
4
What is the units digit of 347056?
6
What is the millions digit of 1565321?
1
What is the hundreds digit of 18803589?
5
What is the hundreds digit of 612226?
2
What is the thousands digit of 456861?
6
What is the ten millions digit of 23004746?
2
What is the hundreds digit of 128178?
1
What is the tens digit of 534335?
3
What is the hundreds digit of 100972?
9
What is the hundreds digit of 2086?
0
What is the tens digit of 3490?
9
What is the hundreds digit of 40061527?
5
What is the tens digit of 25310?
1
What is the millions digit of 2075358?
2
What is the ten thousands digit of 168731?
6
What is the hundred thousands digit of 4750618?
7
What is the thousands digit of 10876544?
6
What is the tens digit of 153009?
0
What is the hundreds digit of 299767?
7
What is the ten millions digit of 10614781?
1
What is the hundred thousands digit of 320711?
3
What is the thousands digit of 3956968?
6
What is the hundreds digit of 1235118?
1
What is the tens digit of 188069?
6
What is the tens digit of 468460?
6
What is the ten thousands digit of 3989147?
8
What is the hundreds digit of 4886946?
9
What is the hundreds digit of 4892094?
0
What is the hundreds digit of 529989?
9
What is the thousands digit of 225855?
5
What is the millions digit of 14275766?
4
What is the units digit of 164815?
5
What is the millions digit of 10885819?
0
What is the ten thousands digit of 765939?
6
What is the hundreds digit of 31707?
7
What is the ten thousands digit of 6760981?
6
What is the hundred thousands digit of 3730343?
7
What is the thousands digit of 229851?
9
What is the hundred thousands digit of 4442852?
4
What is the thousands digit of 200419?
0
What is the ten thousands digit of 10885914?
8
What is the hundred thousands digit of 557748?
5
What is the hundreds digit of 2021542?
5
What is the hundreds digit of 322064?
0
What is the hundreds digit of 315092?
0
What is the hundred thousands digit of 955550?
9
What is the ten thousands digit of 12698926?
9
What is the hundreds digit of 458153?
1
What is the tens digit of 14532026?
2
What is the hundreds digit of 5856066?
0
What is the ten thousands digit of 432335?
3
What is the hundred thousands digit of 3203363?
2
What is the units digit of 312973?
3
What is the thousands digit of 178465?
8
What is the thousands digit of 1637130?
7
What is the hundreds digit of 8205237?
2
What is the units digit of 54874?
4
What is the ten millions digit of 17618756?
1
What is the tens digit of 4014826?
2
What is the hundred thousands digit of 6497186?
4
What is the tens digit of 2204614?
1
What is the hundreds digit of 381621?
6
What is the tens digit of 769959?
5
What is the millions digit of 4478952?
4
What is the ten thousands digit of 492099?
9
What is the units digit of 19197546?
6
What is the hundreds digit of 8189431?
4
What is the millions digit of 10891258?
0
What is the thousands digit of 1669819?
9
What is the hundreds digit of 381717?
7
What is the ten thousands digit of 3303045?
0
What is the units digit of 1732319?
9
What is the hundreds digit of 25142?
1
What is the ten thousands digit of 975152?
7
What is the hundred thousands digit of 5652449?
6
What is the ten thousands digit of 138677?
3
What is the tens digit of 67096?
9
What is the units digit of 963087?
7
What is the ten millions digit of 13636401?
1
What is the hundred thousands digit of 121999?
1
What is the thousands digit of 1679220?
9
What is the tens digit of 2175784?
8
What is the hundreds digit of 451886?
8
What is the hundreds digit of 734015?
0
What is the ten thousands digit of 8318184?
1
What is the hundreds digit of 113015?
0
What is the thousands digit of 31484342?
4
What is the tens digit of 829986?
8
What is the hundreds digit of 81276?
2
What is the thousands digit of 23970280?
0
What is the tens digit of 10062474?
7
What is the tens digit of 1466515?
1
What is the tens digit of 65857?
5
What is the thousands digit of 3036612?
6
What is the ten thousands digit of 3694461?
9
What is the hundreds digit of 926593?
5
What is the hundred thousands digit of 9952027?
9
What is the ten thousands digit of 5812537?
1
What is the hundred thousands digit of 2208199?
2
What is the tens digit of 6392968?
6
What is the units digit of 3598310?
0
What is the units digit of 5722654?
4
What is the tens digit of 336784?
8
What is the tens digit of 231992?
9
What is the thousands digit of 1327989?
7
What is the hundreds digit of 3416420?
4
What is the units digit of 182375?
5
What is the hundred thousands digit of 533060?
5
What is the units digit of 2288353?
3
What is the units digit of 230125?
5
What is the ten thousands digit of 8048445?
4
What is the units digit of 10285737?
7
What is the units digit of 116213?
3
What is the units digit of 3382048?
8
What is the ten thousands digit of 1269750?
6
What is the thousands digit of 12144875?
4
What is the ten thousands digit of 700777?
0
What is the ten thousands digit of 1008193?
0
What is the ten thousands digit of 1205621?
0
What is the tens digit of 6601273?
7
What is the units digit of 665059?
9
What is the units digit of 9633839?
9
What is the millions digit of 8632130?
8
What is the tens digit of 13827974?
7
What is the hundreds digit of 809530?
5
What is the tens digit of 8450502?
0
What is the units digit of 244017?
7
What is the millions digit of 39900107?
9
What is the ten millions digit of 16271372?
1
What is the thousands digit of 4583633?
3
What is the hundred thousands digit of 4291551?
2
What is the units digit of 1515454?
4
What is the units digit of 785008?
8
What is the units digit of 1213922?
2
What is the tens digit of 3266041?
4
What is the hundreds digit of 670476?
4
What is the thousands digit of 3680940?
0
What is the thousands digit of 157036?
7
What is the thousands digit of 128998?
8
What is the tens digit of 15956917?
1
What is the units digit of 498098?
8
What is the thousands digit of 14286805?
6
What is the units digit of 11643518?
8
What is the millions digit of 7997009?
7
What is the hundred thousands digit of 39356616?
3
What is the tens digit of 120544?
4
What is the hundreds digit of 755081?
0
What is the hundred thousands digit of 18858208?
8
What is the thousands digit of 692238?
2
What is the units digit of 2506487?
7
What is the ten thousands digit of 12246952?
4
What is the units digit of 1143143?
3
What is the units digit of 668504?
4
What is the millions digit of 6880740?
6
What is the ten thousands digit of 256504?
5
What is the ten thousands digit of 9054828?
5
What is the tens digit of 244552?
5
What is the millions digit of 1357957?
1
What is the ten thousands digit of 15949207?
4
What is the hundreds digit of 4002098?
0
What is the hundreds digit of 337493?
4
What is the tens digit of 3076624?
2
What is the units digit of 6633401?
1
What is the tens digit of 29381750?
5
What is the tens digit of 252440?
4
What is the hundreds digit of 1971083?
0
What is the millions digit of 15798411?
5
What is the ten thousands digit of 7809229?
0
What is the thousands digit of 2185219?
5
What is the hundreds digit of 7499672?
6
What is the units digit of 4752713?
3
What is the hundreds digit of 1170289?
2
What is the hundreds digit of 1753867?
8
What is the thousands digit of 515242?
5
What is the tens digit of 1180515?
1
What is the tens digit of 7117731?
3
What is the ten thousands digit of 382385?
8
What is the hundred thousands digit of 17494784?
4
What is the units digit of 7843003?
3
What is the 